9
List the prime factors of 1356091.
11, 43, 47, 61
What are the prime factors of 2581391?
2581391
What are the prime factors of 185549?
7, 13, 2039
List the prime factors of 3409465.
5, 73, 9341
What are the prime factors of 273240?
2, 3, 5, 11, 23
List the prime factors of 843708.
2, 3, 70309
What are the prime factors of 805441?
7, 13, 53, 167
What are the prime factors of 9324292?
2, 23, 43, 2357
What are the prime factors of 179278?
2, 11, 29, 281
What are the prime factors of 8022850?
2, 5, 11, 29, 503
List the prime factors of 420274.
2, 17, 47, 263
What are the prime factors of 1001079?
3, 17, 727
List the prime factors of 655778.
2, 327889
What are the prime factors of 10191938?
2, 277, 18397
What are the prime factors of 38454?
2, 3, 13, 17, 29
List the prime factors of 5225661.
3, 7, 43, 643
List the prime factors of 1736368.
2, 47, 2309
What are the prime factors of 1507284?
2, 3, 149, 281
List the prime factors of 824740.
2, 5, 7, 43, 137
List the prime factors of 1670263.
7, 89, 383
What are the prime factors of 885741?
3, 295247
What are the prime factors of 18439060?
2, 5, 103, 8951
List the prime factors of 2155199.
79, 27281
List the prime factors of 198438.
2, 3, 33073
What are the prime factors of 281234?
2, 140617
List the prime factors of 967612.
2, 241903
List the prime factors of 13201.
43, 307
What are the prime factors of 26517437?
53, 491, 1019
What are the prime factors of 339572?
2, 23, 3691
What are the prime factors of 70769?
70769
What are the prime factors of 1056485?
5, 211297
List the prime factors of 5769496.
2, 83, 8689
What are the prime factors of 553184?
2, 59, 293
List the prime factors of 194079.
3, 64693
List the prime factors of 756630.
2, 3, 5, 7, 1201
What are the prime factors of 1350632?
2, 197, 857
What are the prime factors of 93600?
2, 3, 5, 13
List the prime factors of 11209687.
41, 101, 2707
List the prime factors of 344530.
2, 5, 131, 263
List the prime factors of 10375324.
2, 313, 8287
What are the prime factors of 564885?
3, 5, 12553
List the prime factors of 4615291.
4615291
What are the prime factors of 8413?
47, 179
What are the prime factors of 289723?
7, 41389
List the prime factors of 183634.
2, 11, 17, 491
List the prime factors of 9450963.
3, 17, 223, 277
What are the prime factors of 713268?
2, 3, 19813
What are the prime factors of 1171392?
2, 3, 6101
List the prime factors of 175394.
2, 87697
List the prime factors of 147177.
3, 23, 79
List the prime factors of 27034.
2, 7, 1931
What are the prime factors of 331963?
29, 11447
List the prime factors of 378163.
378163
What are the prime factors of 707778?
2, 3, 17, 257
What are the prime factors of 576323?
11, 433
What are the prime factors of 1616202?
2, 3, 7, 101, 127
List the prime factors of 1301828.
2, 11, 29587
What are the prime factors of 1329336?
2, 3, 37, 499
What are the prime factors of 10996435?
5, 233, 9439
What are the prime factors of 8584205?
5, 7, 59, 4157
List the prime factors of 53243.
37, 1439
What are the prime factors of 38847759?
3, 23, 563011
What are the prime factors of 852208?
2, 7, 1087
List the prime factors of 8170521.
3, 41, 181, 367
What are the prime factors of 7176024?
2, 3, 99667
What are the prime factors of 4790198?
2, 7, 463, 739
What are the prime factors of 1710065?
5, 7, 48859
What are the prime factors of 156071?
156071
List the prime factors of 12887086.
2, 6443543
What are the prime factors of 190761?
3, 63587
What are the prime factors of 4718544?
2, 3, 197, 499
List the prime factors of 669357.
3, 13, 1907
What are the prime factors of 6426882?
2, 3, 7, 11, 4637
What are the prime factors of 12411?
3, 7, 197
List the prime factors of 11227270.
2, 5, 31, 36217
What are the prime factors of 1184837?
1184837
List the prime factors of 18580934.
2, 9290467
What are the prime factors of 2082398?
2, 17, 73, 839
What are the prime factors of 2506510?
2, 5, 47, 5333
List the prime factors of 376459.
53, 7103
What are the prime factors of 15480153?
3, 13, 61, 241
List the prime factors of 24298929.
3, 19, 142099
What are the prime factors of 6659002?
2, 7, 17, 571
What are the prime factors of 1412270?
2, 5, 19, 7433
What are the prime factors of 11549900?
2, 5, 115499
List the prime factors of 491608.
2, 13, 29, 163
List the prime factors of 135677.
17, 23, 347
What are the prime factors of 12210743?
17, 41, 17519
What are the prime factors of 243208?
2, 7, 43, 101
List the prime factors of 3749792.
2, 17, 61, 113
What are the prime factors of 155996?
2, 59, 661
What are the prime factors of 3017?
7, 431
What are the prime factors of 1412091?
3, 156899
What are the prime factors of 1589020?
2, 5, 79451
List the prime factors of 513945.
3, 5, 47
What are the prime factors of 1004606?
2, 19, 26437
What are the prime factors of 37426163?
17, 2201539
List the prime factors of 8755050.
2, 3, 5, 58367
What are the prime factors of 7167189?
3, 2389063
List the prime factors of 1051890.
2, 3, 5, 7, 5009
What are the prime factors of 19212975?
3, 5, 17, 5023
What are the prime factors of 1721251?
7, 23, 10691
List the prime factors of 11955861.
3, 229, 5801
List the prime factors of 2336046.
2, 3, 59, 6599
List the prime factors of 89993.
31, 2903
List the prime factors of 4313570.
2, 5, 19, 73, 311
What are the prime factors of 12268343?
31, 373, 1061
What are the prime factors of 21257649?
3, 7, 383, 881
List the prime factors of 5180942.
2, 13, 199267
List the prime factors of 1127429.
139, 8111
List the prime factors of 40575082.
2, 23, 882067
What are the prime factors of 30747?
3, 37, 277
List the prime factors of 7137146.
2, 127, 28099
What are the prime factors of 4406974?
2, 11, 13, 19, 811
List the prime factors of 14519.
14519
List the prime factors of 1002440.
2, 5, 19, 1319
What are the prime factors of 12693?
3, 4231
What are the prime factors of 5751896?
2, 199, 3613
What are the prime factors of 5560308?
2, 3, 13, 109
What are the prime factors of 23554173?
3, 2699, 2909
List the prime factors of 3248774.
2, 1624387
List the prime factors of 1394423.
1394423
What are the prime factors of 1014139?
7, 23, 6299
List the prime factors of 1215906.
2, 3, 191, 1061
List the prime factors of 7696809.
3, 89, 3203
What are the prime factors of 1811162?
2, 905581
List the prime factors of 822286.
2, 411143
What are the prime factors of 5095432?
2, 383, 1663
List the prime factors of 2213479.
67, 33037
What are the prime factors of 8634740?
2, 5, 19, 31, 733
What are the prime factors of 367917?
3, 11, 11149
List the prime factors of 259938.
2, 3, 7, 2063
What are the prime factors of 22567533?
3, 509, 14779
List the prime factors of 241468.
2, 17, 53, 67
List the prime factors of 228896.
2, 23, 311
List the prime factors of 818075.
5, 43, 761
List the prime factors of 179783.
37, 43, 113
List the prime factors of 10901689.
131, 83219
What are the prime factors of 1061787?
3, 353929
What are the prime factors of 810379?
810379
What are the prime factors of 258272?
2, 7, 1153
What are the prime factors of 17402241?
3, 257, 22571
List the prime factors of 286975.
5, 13, 883
What are the prime factors of 4702791?
3, 79, 19843
List the prime factors of 154187.
11, 107, 131
List the prime factors of 111668.
2, 27917
What are the prime factors of 6892312?
2, 7, 123077
What are the prime factors of 60480?
2, 3, 5, 7
What are the prime factors of 701601?
3, 97, 2411
What are the prime factors of 369794?
2, 23, 8039
List the prime factors of 111173.
107, 1039
List the prime factors of 7172851.
7, 1024693
List the prime factors of 15412481.
7, 619, 3557
What are the prime factors of 301239?
3, 3719
What are the prime factors of 187134?
2, 3, 31189
What are the prime factors of 3230579?
11, 26699
What are the prime factors of 753509?
317, 2377
What are the prime factors of 74276?
2, 31, 599
What are the prime factors of 5287116?
2, 3, 149, 2957
What are the prime factors of 130608?
2, 3, 907
What are the prime factors of 321308?
2, 13, 37, 167
What are the prime factors of 2095900?
2, 5, 20959
List the prime factors of 501205.
5, 59, 1699
What are the prime factors of 1047602?
2, 523801
What are the prime factors of 773625?
3, 5, 2063
List the prime factors of 1075196.
2, 389, 691
List the prime factor